{"id":147,"date":"2021-01-07T13:10:10","date_gmt":"2021-01-07T13:10:10","guid":{"rendered":"http:\/\/moto-center.ch\/velo-center-thun\/?page_id=147"},"modified":"2024-02-13T09:47:12","modified_gmt":"2024-02-13T08:47:12","slug":"impressum","status":"publish","type":"page","link":"https:\/\/moto-center.ch\/ebikes\/ueber-uns\/impressum\/","title":{"rendered":"Impressum"},"content":{"rendered":"\n\t<section style=\" padding-top:155px;  padding-bottom:15px; \" class=\"fw-main-row bg-primary container-fluid autogen\">\n\t\t<div class=\" container\">\n\t\t  <div class=\"fw-row\">\n\t\n<div class=\"col-xs-12 txt-autogen\">\n\t\t\t<div class=\"fw-heading fw-heading-h1\">\n\t\t<h1 class='no'>Impressum & Datenschutzerkl\u00e4rung<\/h1>\t<\/div><div class=\" txt-autogen no_bg\"><p><strong>Impressum<\/strong><\/p><p>Moto-Center Thun<br \/>Bernstrasse 117<br \/>3613 Steffisburg<\/p><p>office@moto-center.ch<br \/>Telefon: 033 439 59 59<br \/>Fax: 033 439 59 50<\/p><p>Ein Betrieb der Moto-Center Group AG<\/p><p>MwSt-Nr. 105.990.819<br \/>Handelsreg. Nr. CH-341.300.435<\/p><p><strong>Copyright<\/strong><\/p><p>Das Copyright f\u00fcr s\u00e4mtliche Inhalte dieser Website liegt bei Moto-Center Group AG.<\/p><p><strong>Disclaimer<\/strong><\/p><p>Alle Texte und Links wurden sorgf\u00e4ltig gepr\u00fcft und werden laufend aktualisiert. Wir sind bem\u00fcht, richtige und vollst\u00e4ndige Informationen auf dieser Website bereitzustellen, \u00fcbernehmen aber keinerlei Verantwortung, Garantien oder Haftung daf\u00fcr, dass die durch diese Website bereitgestellten Informationen, richtig, vollst\u00e4ndig oder aktuell sind. Wir behalten uns das Recht vor, jederzeit und ohne Vorank\u00fcndigung die Informationen auf dieser Website zu \u00e4ndern und verpflichten uns auch nicht, die enthaltenen Informationen zu aktualisieren. Alle Links zu externen Anbietern wurden zum Zeitpunkt ihrer Aufnahme auf ihre Richtigkeit \u00fcberpr\u00fcft, dennoch haften wir nicht f\u00fcr Inhalte und Verf\u00fcgbarkeit von Websites, die mittels Hyperlinks zu erreichen sind. F\u00fcr illegale, fehlerhafte oder unvollst\u00e4ndige Inhalte und insbesondere f\u00fcr Sch\u00e4den, die durch Inhalte verkn\u00fcpfter Seiten entstehen, haftet allein der Anbieter der Seite, auf welche verwiesen wurde. Dabei ist es gleichg\u00fcltig, ob der Schaden direkter, indirekter oder finanzieller Natur ist oder ein sonstiger Schaden vorliegt, der sich aus Datenverlust, Nutzungsausfall oder anderen Gr\u00fcnden aller Art ergeben k\u00f6nnte.<\/p><p><strong>Datenschutz<\/strong><\/p><p>Wir verpflichten uns, die Privatsph\u00e4re aller Personen zu sch\u00fctzen, die unsere Website nutzen, und die pers\u00f6nlichen Daten, die uns unsere Besucher \u00fcberlassen, vertraulich zu behandeln. Verschiedene Angebote unserer Website (z.B. Newsletter, Veranstaltungen, Kontaktformulare) erfordern die Eingabe von personenbezogenen Informationen wie Namen, E-Mail-Adressen und weiterer Adressdaten. Der Kunde erkl\u00e4rt sein Einverst\u00e4ndnis, dass Moto-Center Group AG die \u00fcbermittelten personenbezogenen Daten f\u00fcr die Erbringung der vertraglichen Leistung speichern, auswerten und verarbeiten darf. Soweit f\u00fcr die Erbringung der vertraglichen Leistung erforderlich oder gesetzlich vorgeschrieben ist Moto-Center Group AG ebenfalls berechtigt personenbezogene Daten an Dritte weiterzugeben (z.B. Lieferanten, Transportunternehmen, Beh\u00f6rden, Versicherungen). Die personenbezogenen Daten des Kunden werden sonstigen Dritten nicht zug\u00e4nglich gemacht. Mittels Nachricht an Moto-Center Group AG kann der Kunde jederzeit Auskunft \u00fcber die von gespeicherten Daten sowie die Berichtigung oder L\u00f6schung derselben verlangen soweit keine zwingenden gesetzlichen Vorschriften dem entgegenstehen.<\/p><p><strong>Einwilligung in Werbung, Marktforschung und Datenverarbeitung zu technischen Zwecken<\/strong><\/p><p>Wir erstellen keine pers\u00f6nlichen Nutzerprofile unserer Nutzer. Lediglich allgemeine Informationen (z.B. Statistiken \u00fcber die zeitliche Verteilung von Seitenabrufen) \u00fcber die Zugriffe auf unsere Website werden zur technischen und inhaltlichen \u00dcberpr\u00fcfung gespeichert. Diese Daten werden jedoch aggregiert und lassen keine R\u00fcckschl\u00fcsse auf einzelne Besucher zu. Der Kunde erkl\u00e4rt sein Einverst\u00e4ndnis, dass Moto-Center Thun sowie Betriebe der Moto-Center Group AG die \u00fcbermittelten personenbezogenen Daten f\u00fcr Marketing- und Marktforschungsmassnahmen f\u00fcr Produkte oder Dienstleistungen der Moto-Center Group AG speichern, auswerten und verarbeiten d\u00fcrfen. F\u00fcr Zwecke der Kundenbetreuung und f\u00fcr Marketingmassnahmen darf der Kunde von Moto-Center Thun und anderen Betrieben der Moto-Center Group AG auch direkt kontaktiert werden. Mittels Nachricht an Moto-Center Thun kann der Kunde jederzeit sein Einverst\u00e4ndnis f\u00fcr die Verwendung der personenbezogenen Daten f\u00fcr die Zukunft widerrufen.<\/p><p><strong>Google Analytics<\/strong><\/p><p>Diese Website benutzt Google Analytics, einen Webanalysedienst der Google Inc. (\u201eGoogle\u201c). Google Analytics verwendet sog. \u201eCookies\u201c, Textdateien, die auf Ihrem Computer gespeichert werden und die eine Analyse der Benutzung der Website durch Sie erm\u00f6glichen. Die durch den Cookie erzeugten Informationen \u00fcber Ihre Benutzung dieser Website werden in der Regel an einen Server von Google in den USA \u00fcbertragen und dort gespeichert. Im Falle der Aktivierung der IP-Anonymisierung auf dieser Webseite, wird Ihre IP-Adresse von Google jedoch innerhalb von Mitgliedstaaten der Europ\u00e4ischen Union oder in anderen Vertragsstaaten des Abkommens \u00fcber den Europ\u00e4ischen Wirtschaftsraum zuvor gek\u00fcrzt. Nur in Ausnahmef\u00e4llen wird die volle IP-Adresse an einen Server von Google in den USA \u00fcbertragen und dort gek\u00fcrzt. Im Auftrag des Betreibers dieser Website wird Google diese Informationen benutzen, um Ihre Nutzung der Website auszuwerten, um Reports \u00fcber die Websiteaktivit\u00e4ten zusammenzustellen und um weitere mit der Websitenutzung und der Internetnutzung verbundene Dienstleistungen gegen\u00fcber dem Websitebetreiber zu erbringenDie im Rahmen von Google Analytics von Ihrem Browser \u00fcbermittelte IP-Adresse wird nicht mit anderen Daten von Google zusammengef\u00fchrt. Sie k\u00f6nnen die Speicherung der Cookies durch eine entsprechende Einstellung Ihrer Browser-Software verhindern; wir weisen Sie jedoch darauf hin, dass Sie in diesem Fall gegebenenfalls nicht s\u00e4mtliche Funktionen dieser Website vollumf\u00e4nglich werden nutzen k\u00f6nnen. Sie k\u00f6nnen dar\u00fcber hinaus die Erfassung der durch das Cookie erzeugten und auf Ihre Nutzung der Website bezogenen Daten (inkl. Ihrer IP-Adresse) an Google sowie die Verarbeitung dieser Daten durch Google verhindern, indem sie das unter dem folgenden Link verf\u00fcgbare Browser-Plugin herunterladen und installieren. Der aktuelle Link ist <a href=\"http:\/\/tools.google.com\/dlpage\/gaoptout?hl=de\">http:\/\/tools.google.com\/dlpage\/gaoptout?hl=de<\/a>.<\/p><p><a href=\"http:\/\/www.google.com\/analytics\/terms\/de.html\" target=\"_blank\" rel=\"noopener\">Google Analytics Bedingungen<\/a><\/p><p><strong>Facebook<\/strong><\/p><p>Wir setzen Cookies von Facebook mittels \"Pixel\" ein. Wenn du ein Facebook-Konto hast, die Facebook-Produkte, einschliesslich der Webseite und Apps von Facebook, nutzt oder andere Webseiten und Apps besuchst, die die Facebook-Produkte nutzen (einschliesslich des \u201eGef\u00e4llt mir\u201c-Buttons oder anderer Facebook-Technologien) verwendet Facebook Cookies. Cookies erm\u00f6glichen es Facebook dir die Facebook-Produkte anzubieten und die Informationen zu verstehen, die Facebook \u00fcber dich erh\u00e4lt, einschliesslich Informationen \u00fcber deine Nutzung anderer Webseiten und Apps, und zwar unabh\u00e4ngig davon, ob du registriert bzw. angemeldet bist oder nicht.<\/p><p>Weitere Informationen findest du in den <a href=\"https:\/\/www.facebook.com\/policies\/cookies\" target=\"_blank\" rel=\"noopener\">Facebook Cookie Richtlinien.<\/a><\/p><\/div>\t\t<\/div>\n<\/div>\n\n\t\t<\/div>\n\t\t\t<\/section>\n\n\n","protected":false},"excerpt":{"rendered":"<p>Impressum &#038; Datenschutzerkl\u00e4rung ImpressumMoto-Center ThunBernstrasse 1173613 Steffisburgoffice@moto-center.chTelefon: 033 439 59 59Fax: 033 439 59 50Ein Betrieb der Moto-Center Group AGMwSt-Nr. 105.990.819Handelsreg. Nr. CH-341.300.435CopyrightDas Copyright f\u00fcr s\u00e4mtliche Inhalte dieser Website liegt bei Moto-Center Group AG.DisclaimerAlle Texte und Links wurden sorgf\u00e4ltig gepr\u00fcft und werden laufend aktualisiert. Wir sind bem\u00fcht, richtige und vollst\u00e4ndige Informationen auf dieser Website bereitzustellen, [&hellip;]<\/p>\n","protected":false},"author":3,"featured_media":0,"parent":77,"menu_order":9,"comment_status":"closed","ping_status":"closed","template":"","meta":{"footnotes":""},"class_list":["post-147","page","type-page","status-publish","hentry"],"_links":{"self":[{"href":"https:\/\/moto-center.ch\/ebikes\/wp-json\/wp\/v2\/pages\/147","targetHints":{"allow":["GET"]}}],"collection":[{"href":"https:\/\/moto-center.ch\/ebikes\/wp-json\/wp\/v2\/pages"}],"about":[{"href":"https:\/\/moto-center.ch\/ebikes\/wp-json\/wp\/v2\/types\/page"}],"author":[{"embeddable":true,"href":"https:\/\/moto-center.ch\/ebikes\/wp-json\/wp\/v2\/users\/3"}],"replies":[{"embeddable":true,"href":"https:\/\/moto-center.ch\/ebikes\/wp-json\/wp\/v2\/comments?post=147"}],"version-history":[{"count":4,"href":"https:\/\/moto-center.ch\/ebikes\/wp-json\/wp\/v2\/pages\/147\/revisions"}],"predecessor-version":[{"id":1009,"href":"https:\/\/moto-center.ch\/ebikes\/wp-json\/wp\/v2\/pages\/147\/revisions\/1009"}],"up":[{"embeddable":true,"href":"https:\/\/moto-center.ch\/ebikes\/wp-json\/wp\/v2\/pages\/77"}],"wp:attachment":[{"href":"https:\/\/moto-center.ch\/ebikes\/wp-json\/wp\/v2\/media?parent=147"}],"curies":[{"name":"wp","href":"https:\/\/api.w.org\/{rel}","templated":true}]}}